 be the second derivative of -b**3/3 - 7*b**2/2 - b. Let m be j(-5). Suppose -3*q - 4*v = -5*v - 26, -2*q - m*v + 10 = 0. List the prime factors of q.
2
Suppose 13*x - 1775 = 2164. What are the prime factors of x?
3, 101
Let m(y) = 2*y**2 + 5*y - 10. Let v be m(5). Suppose 2*l - o - 13 = v, 5*l - 182 = -4*o. List the prime factors of l.
2, 19
Let k(c) be the third derivative of c**4/12 - c**2. Let j be k(6). Suppose 0 = -4*s - 8, -36 + j = -4*d + 2*s. What are the prime factors of d?
5
Let b be (-3)/(-9) + (-89)/(-3). Suppose -8*i = -6*i + b. Let k = i - -31. List the prime factors of k.
2
Let h = -11 - -24. What are the prime factors of h?
13
Let l be ((-24)/(-21))/((-6)/(-21)). Let n = 10 - l. What are the prime factors of n?
2, 3
Let y(f) = 22*f**2 + 12*f - 3. What are the prime factors of y(-4)?
7, 43
Let g(a) = a - 3. Let k be g(5). Let w = 6 - k. Suppose -w*x + x + 6 = 0. List the prime factors of x.
2
Let z = 147 + -214. Let y = -22 - z. Suppose -2*t - y = -7*t. List the prime factors of t.
3
Let o(d) = -d**2 + 13*d + 3. Let p(x) = -13*x - 1. Let z = 9 + -10. Let t be p(z). What are the prime factors of o(t)?
3, 5
List the prime factors of -3 - (-51)/18 - 374/(-12).
31
Let x(w) = w**3 + 5*w**2 - 2*w - 3. Let o be x(-4). Suppose 3 + 2 = c. Suppose o - c = 2*q. List the prime factors of q.
2
Let m be 136/20 - 1/(-5). Let p = m + -3. Suppose p + 44 = 4*t. What are the prime factors of t?
2, 3
Suppose 2*s - s - 17 = 0. What are the prime factors of s?
17
Suppose -5*x + p = -41, -x - 2*p = p - 21. Let s(g) = g**2 - 7*g - 8. List the prime factors of s(x).
2, 5
Let n be 2 + 4 - (-2)/(-2). Suppose 0 = n*t - 10, r + 24 = -r + 5*t. What are the prime factors of ((-24)/7)/4*r?
2, 3
Let i(a) = a**2 - 6*a - 5. List the prime factors of i(7).
2
List the prime factors of (-2)/(30/(-2781)) + 2/(-5).
5, 37
Let m(z) = z**3 - 9*z**2 - z - 11. Let r be m(9). Let l be 124/r - 1/(-5). Let w = l - -9. List the prime factors of w.
3
Let j(i) = 13*i - 11. List the prime factors of j(6).
67
Suppose u + u - 66 = 0. What are the prime factors of u?
3, 11
Let i = 18 + -26. Let q = i - -21. List the prime factors of q.
13
Suppose -4*o - 18 = 4*s - 6, -6 = 5*s + 2*o. Suppose s*d = -d + 38. What are the prime factors of d?
2, 19
Let b(y) = y**2 - 11*y + 13. What are the prime factors of b(15)?
73
Let c = 261 + -179. List the prime factors of c.
2, 41
Let f be -3*304/(-6) + -2. Suppose y - 6*y = -f. List the prime factors of y.
2, 3, 5
Suppose -f = 4*f + 25, 2*f + 1 = -3*d. Let c(p) = p**3 - 2*p**2 - 3*p + 3. What are the prime factors of c(d)?
3
Let p(d) = 5*d - 1. Let m be p(1). Suppose -3*z = -m*z. What are the prime factors of 14/5*(5 - z)?
2, 7
Suppose 0*w + 2 = w. Suppose 3*c + c - 60 = -3*r, 4*c = -w*r + 36. What are the prime factors of r?
2, 3
Let v(i) = -i**2 - 8*i - 9. Let s(y) = -y**2 - 4*y - 4. Let p(x) = -7*s(x) + 3*v(x). List the prime factors of p(-3).
5
Let d(t) = -t**2 - 9*t - 7. What are the prime factors of d(-6)?
11
Suppose 5*s - 4 = 4*y, 0*y + y + 5*s - 24 = 0. Suppose -72 = -5*i + i - y*q, 4*i = 5*q + 36. What are the prime factors of i?
2, 7
Suppose 3*x = 5*c + 145, -8*x - 2*c = -3*x - 252. List the prime factors of x.
2, 5
Let s be 8/(0 - (-5 - -3)). Suppose p + s*l - 1 = 17, 3*p - 5*l = 105. What are the prime factors of p?
2, 3, 5
Let d be (-1)/2 - (-28)/8. List the prime factors of (-3 + 0)*(-13)/d.
13
Suppose -2*j + 4*m = m - 85, -5*j + 229 = -2*m. List the prime factors of (1 + 3)/(-4) + j.
2, 23
Let m be 3/(4*3/8). List the prime factors of 522/30 + m/(-5).
17
Let y = 8 - 3. Suppose a - 27 = -y*x + x, -27 = -5*x + a. What are the prime factors of x?
2, 3
Let a = -58 - -131. What are the prime factors of a?
73
Suppose -2*z + 72 = 2*z. Suppose 4*b + z = -10. Let i(t) = -t**3 - 6*t**2 + 6*t + 4. What are the prime factors of i(b)?
11
Let p(v) = -v. Let t be p(-7). List the prime factors of 819/49 - (-2)/t.
17
Let s = -7 - -6. Let z = s - -6. List the prime factors of z.
5
Let v(j) = -44*j**2 + 6*j - 5. Let z(i) be the first derivative of -5*i**3 + i**2 - 2*i - 3. Let x(c) = -3*v(c) + 8*z(c). What are the prime factors of x(-1)?
13
Suppose -4*v + 57 = 3*i, -i + 6 = v - 8. What are the prime factors of v?
3, 5
Suppose -a - 3*n + 3 = 0, 48 = -a + 5*a + 3*n. Suppose 2*z - a = 25. What are the prime factors of z?
2, 5
Let k be (-1 - (-1 + 0))/2. Suppose v - 6 + 0 = k. What are the prime factors of v?
2, 3
Suppose -20 = -5*a, -3*j - 5*a + 67 = -7*a. List the prime factors of j.
5
Let b = 107 - 62. What are the prime factors of b?
3, 5
Suppose 5*t + 4*n - 21 - 52 = 0, -t + 4*n + 29 = 0. List the prime factors of t.
17
Suppose 393 = 11*l - 630. List the prime factors of l.
3, 31
Let f be -5*-2*333/(-30). Let o be f/(-21) - 2/7. Suppose -5*p + 20 = o. What are the prime factors of p?
3
Suppose 2*u + 0*j - 66 = 3*j, 2*j - 112 = -3*u. List the prime factors of u.
2, 3
Let a be (-8)/(4 - 0) - 1. What are the prime factors of 29/((-4)/(a - 1))?
29
Let o(n) = 3*n**2 - 4*n - 6. Let g be o(5). Suppose -5*f + 76 = -g. What are the prime factors of f?
5
Suppose 11*z = 9*z + 12. Suppose -4*q + z*q - 34 = 0. What are the prime factors of q?
17
Suppose 5*t + 67 = p, 3*p + 0*p + 2*t = 184. What are the prime factors of p?
2, 31
Let b(v) = v**3 + v**2 - v + 4. Let a be b(0). Let s be -18 + 19 + 29*1. Suppose s = a*f - 38. List the prime factors of f.
17
List the prime factors of 1/(-4) - 745/(-20).
37
Let b(d) = 3*d**2 - 2*d + 10. Let x be b(8). Suppose 3*k = -5*i + x, 105 + 3 = 3*i + 3*k. What are the prime factors of i?
3, 13
Suppose -2*y = y. Suppose y = -3*w + 24 - 3. What are the prime factors of w?
7
Let w = 51 - 11. List the prime factors of w.
2, 5
Let j(p) = p**2 + 8*p + 12. Suppose 0*z - 2*f = 4*z, -4*z = -2*f. Suppose z = 2*v + v - 2*k + 14, 0 = v - 5*k - 17. List the prime factors of j(v).
2, 3
Suppose 2*r + 4*o = 2*o + 544, 5*r = -3*o + 1370. What are the prime factors of r?
277
Suppose -f - 7*j = -2*j - 89, 511 = 5*f + 3*j. What are the prime factors of f?
2, 13
Let c(z) = z**3 - 12*z**2. Let y be c(12). Suppose -2*l + 12 + 8 = y. What are the prime factors of l?
2, 5
Suppose 5*g = -3*j - 24 - 14, -4*j + 4*g - 104 = 0. Let v be (7/j)/(2/(-30)). Suppose s - 6 = v. What are the prime factors of s?
11
Let v(x) be the third derivative of -x**6/30 + x**5/60 + x**4/24 + 3*x**2. List the prime factors of v(-1).
2
Let v be 6/6 - (1 - 4). Suppose -v*n - q + 19 = 0, 6*q = 4*n + 4*q - 22. Suppose -5*z = n*b - 5, -3*b + 10 - 1 = -3*z. What are the prime factors of b?
2
Suppose 2*l + l = 66. Let k = l - 6. List the prime factors of k.
2
Let z(h) = 2*h**2 - 3*h - 2. Let t be z(3). Let i(s) = -s**2 + 10*s - 5. What are the prime factors of i(t)?
2
Suppose -5*j = 5*g + 35, -4*g - 2*j - j = 27. Let f be (22/6)/((-2)/g). Let z = 18 - f. What are the prime factors of z?
7
Let m = -189 - -326. List the prime factors of m.
137
Let f = 6 + -3. Let c be f + 2 + 1*-1. What are the prime factors of c + -2 + (-14)/(-1)?
2
Let p = -27 - -47. Suppose -3*z + p = -z. What are the prime factors of z?
2, 5
Suppose -3*f - 2*z = 2*z - 132, -f + 44 = -5*z. What are the prime factors of f?
2, 11
Let d = 807 + -571. What are the prime factors of d?
2, 59
What are the prime factors of 4/(-16) - 458/(-8)?
3, 19
Suppose -2*d = -0*d - 2*b - 470, 3*d = b + 703. Suppose -42 = -6*v + d. List the prime factors of v.
2, 23
Let g = -8 - -11. Let a(q) = -3*q + 5. Let w(r) = -3*r + 4. Let c(u) = 5*a(u) - 6*w(u). What are the prime factors of c(g)?
2, 5
List the prime factors of ((-38)/4)/(6/(-36)).
3, 19
Suppose 5*f = -51 + 241. What are the prime factors of f?
2, 19
Let r = 147 - 62. Suppose -2*z + 2*c + r = 3*z, -5 = c. List the prime factors of z.
3, 5
Let h(j) = j**2 + 5*j - 6. Let c be h(-7). Suppose -c = -m + 2*m. Let x = 24 + m. What are the prime factors of x?
2
Let b(a) = a**2 - 9*a + 10. Let w be b(8). Let p be (1/(-2))/((-1)/w). Let x(f) = 12*f**2 - 2*f + 1. What are the prime factors of x(p)?
11
Let m(y) = 5*y**2 + 8*y - 4. Let a be m(-7). List the prime factors of 2/(-5*(-2)/a).
37
Suppose j - 63 = 4*j. List the prime factors of 3/((-18)/j)*4.
2, 7
Let m(t) = -t**3. Let o(w) = 6*w**3 - 4*w**2 + 3*w + 5. Let x(c) = 5*m(c) + o(c). List the prime factors of x(4).
17
Suppose -5*l + 1